 is 60 (base 11) in base 12?
56
Convert -5 (base 15) to base 6.
-5
-13 (base 15) to base 13
-15
What is -400 (base 6) in base 16?
-90
4a (base 11) to base 3
2000
-2 (base 13) to base 9
-2
What is -20 (base 11) in base 4?
-112
What is -1 (base 12) in base 10?
-1
Convert -2 (base 8) to base 6.
-2
-1010 (base 3) to base 12
-26
Convert -85 (base 16) to base 15.
-8d
11 (base 16) to base 11
16
Convert -5d (base 14) to base 4.
-1103
Convert 0 (base 16) to base 8.
0
What is -147 (base 12) in base 4?
-3013
20020 (base 3) to base 16
a8
1 (base 15) to base 10
1
-6 (base 13) to base 11
-6
What is 1 (base 12) in base 2?
1
Convert -4 (base 9) to base 16.
-4
-33 (base 9) to base 14
-22
Convert 1 (base 2) to base 7.
1
Convert -13 (base 6) to base 8.
-11
Convert 1 (base 10) to base 14.
1
Convert 2b (base 13) to base 8.
45
Convert 21 (base 4) to base 7.
12
Convert -10 (base 6) to base 2.
-110
-14 (base 11) to base 16
-f
What is 0 (base 11) in base 4?
0
Convert 12 (base 3) to base 10.
5
What is -7 (base 11) in base 8?
-7
Convert 11110001 (base 2) to base 10.
241
What is 64 (base 14) in base 9?
107
What is a (base 12) in base 16?
a
What is 10 (base 13) in base 11?
12
1b (base 16) to base 7
36
-69 (base 14) to base 15
-63
What is -4 (base 9) in base 10?
-4
-3 (base 8) to base 13
-3
Convert 132 (base 8) to base 15.
60
-100 (base 2) to base 3
-11
0 (base 11) to base 8
0
What is 402 (base 5) in base 16?
66
Convert 3c (base 13) to base 10.
51
-b (base 15) to base 7
-14
22 (base 4) to base 7
13
-2 (base 11) to base 10
-2
What is -9a (base 12) in base 5?
-433
105 (base 8) to base 6
153
9 (base 16) to base 8
11
Convert -1000 (base 2) to base 3.
-22
Convert -104 (base 5) to base 15.
-1e
82 (base 13) to base 7
211
Convert -413 (base 7) to base 11.
-178
What is 16 (base 12) in base 14?
14
What is 0 (base 7) in base 4?
0
What is -1 (base 13) in base 16?
-1
Convert 109 (base 16) to base 4.
10021
-1 (base 3) to base 7
-1
What is -1 (base 16) in base 4?
-1
1 (base 5) to base 3
1
What is -13 (base 9) in base 13?
-c
What is 26 (base 15) in base 14?
28
What is -1 (base 10) in base 14?
-1
What is -113 (base 5) in base 10?
-33
What is 2 (base 3) in base 9?
2
Convert d3 (base 14) to base 11.
159
What is -12 (base 11) in base 3?
-111
Convert -a (base 13) to base 9.
-11
-43 (base 11) to base 4
-233
What is -47 (base 14) in base 4?
-333
c2 (base 15) to base 8
266
What is -136 (base 13) in base 10?
-214
2 (base 13) to base 10
2
What is 140 (base 7) in base 8?
115
Convert -43 (base 13) to base 5.
-210
Convert 100110 (base 2) to base 11.
35
What is -90 (base 12) in base 15?
-73
Convert 10 (base 12) to base 16.
c
-110 (base 5) to base 2
-11110
What is 61 (base 11) in base 14?
4b
2 (base 12) to base 8
2
Convert 5 (base 6) to base 15.
5
Convert 100 (base 2) to base 11.
4
13 (base 9) to base 3
110
Convert 29 (base 15) to base 6.
103
Convert 58 (base 13) to base 2.
1001001
-10101 (base 2) to base 7
-30
Convert 29 (base 14) to base 8.
45
What is -143 (base 14) in base 10?
-255
6 (base 16) to base 8
6
-2 (base 10) to base 3
-2
Convert -52 (base 6) to base 9.
-35
What is -45 (base 7) in base 5?
-113
40 (base 7) to base 2
11100
10000 (base 2) to base 10
16
What is 12 (base 11) in base 9?
14
-1 (base 10) to base 2
-1
Convert 1 (base 16) to base 10.
1
Convert -17 (base 15) to base 11.
-20
-1c (base 13) to base 15
-1a
-41 (base 6) to base 7
-34
Convert 2f (base 16) to base 11.
43
2 (base 3) to base 5
2
Convert 5 (base 7) to base 10.
5
-13 (base 16) to base 11
-18
Convert -1a (base 12) to base 14.
-18
6 (base 7) to base 15
6
1d6 (base 15) to base 5
3201
What is 32 (base 9) in base 10?
29
Convert -99 (base 14) to base 13.
-a5
What is -21 (base 11) in base 14?
-19
18 (base 12) to base 6
32
What is -212 (base 6) in base 5?
-310
-3 (base 13) to base 4
-3
Convert -10000 (base 2) to base 8.
-20
-a (base 16) to base 4
-22
-1 (base 13) to base 3
-1
2 (base 10) to base 13
2
52 (base 8) to base 7
60
-101 (base 3) to base 11
-a
What is 1222 (base 3) in base 7?
104
Convert -10 (base 5) to base 4.
-11
Convert 2 (base 10) to base 11.
2
Convert -2 (base 14) to base 13.
-2
Convert -43 (base 8) to base 2.
-100011
-4 (base 6) to base 4
-10
-32 (base 9) to base 16
-1d
Convert -2 (base 6) to base 15.
-2
Convert -2 (base 13) to base 10.
-2
What is -16 (base 8) in base 7?
-20
Convert -8 (base 13) to base 4.
-20
Convert -118 (base 15) to base 13.
-161
What is 259 (base 11) in base 15?
156
What is 1430 (base 5) in base 3?
22220
Convert -4 (base 7) to base 5.
-4
What is 1100 (base 4) in base 12?
68
Convert 3 (base 14) to base 16.
3
Convert -10 (base 5) to base 14.
-5
Convert 7 (base 14) to base 9.
7
What is -11 (base 5) in base 13?
-6
Convert -6 (base 13) to base 16.
-6
Convert -21 (base 8) to base 4.
-101
What is -1 (base 11) in base 7?
-1
What is -323 (base 4) in base 9?
-65
-20 (base 14) to base 9
-31
-4 (base 6) to base 3
-11
What is -51 (base 6) in base 7?
-43
Convert 51 (base 12) to base 9.
67
Convert 17b (base 15) to base 11.
290
What is 42 (base 10) in base 4?
222
Convert 5 (base 12) to base 5.
10
53 (base 7) to base 13
2c
4 (base 15) to base 14
4
Convert 5 (base 11) to base 16.
5
What is 1 (base 4) in base 6?
1
-a (base 12) to base 11
-a
Convert 8 (base 13) to base 7.
11
What is -1 (base 5) in base 16?
-1
What is 313 (base 4) in base 9?
61
Convert 3 (base 13) to base 7.
3
22 (base 5) to base 2
1100
Convert 0 (base 14) to base 10.
0
What is -1 (base 13) in base 16?
-1
Convert 10 (base 6) to base 9.
6
123 (base 5) to base 14
2a
7 (base 8) to base 15
7
-9 (base 11) to base 2
-1001
What is -3 (base 7) in base 11?
-3
110 (base 2) to base 7
6
117 (base 13) to base 12
139
Convert -430 (base 5) to base 15.
-7a
Convert 87 (base 10) to base 3.
10020
Convert 0 (base 13) to base 16.
0
Convert -2 (base 10) to base 9.
-2
What is -41 (base 9) in base 7?
-52
What is 1 (base 16) in base 11?
1
What is 100 (base 2) in base 16?
4
What is 3 (base 4) in base 7?
3
What is -14 (base 6) in base 9?
-11
10110 (base 2) to base 13
19
10 (base 7) to base 10
7
What is 11 (base 15) in base 2?
10000
Convert -3 (base 12) to base 10.
-3
Convert 6 (base 10) to base 14.
6
3 (base 10) to base 4
3
Convert 20 (base 4) to base 7.
11
What is 0 (base 3) in base 10?
0
What is 1 (base 3) in base 2?
1
Convert -123 (base 7) to base 10.
-66
-3 (base 15) to base 11
-3
What is -110 (base 2) in base 12?
-6
Convert 11 (base 3) to base 6.
4
51 (base 16) to base 8
121
What is -7 (base 13) in base 16?
-7
Convert 24 (base 12) to base 13.
22
Convert 13 (base 14) to base 11.
16
What is 22 (base 7) in base 14?
12
What is 30 (base 10) in base 14?
22
14 (base 6) to base 10
10
-2a (base 14) to base 4
-212
What is -1022 (base 4) in base 5?
-244
What is -10 (base 2) in base 4?
-2
-111 (base 6) to base 13
-34
1002 (base 3) to base 15
1e
What is 25 (base 11) in base 8?
33
Convert -1 (base 7) to base 15.
-1
What is -1a (base 14) in base 6?
-40
Convert -8 (base 12) to base 2.
-1000
-40 (base 11) to base 9
-48
What is 4 (base 14) in base 15?
4
0 (base 8) to base 16
0
0 (base 2) to base 16
0
What is 0 (base 14) in base 15?
0
-19b (base 15) to base 11
-308
b (base 12) to base 15
b
-1 (base 12) to base 5
-1
Convert -151 (base 14) to base 13.
-177
Convert -3 (base 14) to base 7.
-3
Convert 93 (base 12) to base 4.
1233
Convert -1 (base 9) to base 3.
-1
What is 2 (base 16) in base 13?
2
Convert 101 (base 3) to base 9.
11
1 (base 11) to base 3
1
Convert 2 (base 10) to base 7.
2
Convert -7 (base 15) to base 6.
-11
Convert -255 (base 12) to base 16.
-161
Convert -4 (base 9) to base 13.
-4
What is 10 (base 12) in base 2?
1100
What is -1 (base 16) in base 4?
-1
15 (base 6) to base 15
b
Convert 2011 (base 3) to base 16.
3a
Convert 15 (base 9) to base 13.
11
What is -24 (base 8) in base 15?
-15
What is c (base 16) in base 15?
c
What is -31 (base 6) in base 12?
-17
0 (base 14) to base 4
0
Convert -11101000 (base 2) to base 3.
-22121
What is -bb (base 12) in base 4?
-2033
Convert -220 (base 4) to base 16.
-28
Convert -2 (base 3) to base 4.
-2
What is -10 (base 5) in base 10?
-5
Convert -167 (base 14) to base 11.
-241
3 (base 15) to base 7
3
21 (base 4) to base 8
11
Convert -1000110 (base 2) to base 8.
-106
-24 (base 14) to base 13
-26
-1111 (base 2) to base 11
-14
What is 8 (base 13) in base 11?